(563,1,'2018-04-06 21:04:06','2018-04-06 21:04:06','<h2>    Knowledge Base   </h2>		\n		<p>Knowledge is the power</p>		\n			<h1>What’s being treated?</h1>		\n										<img width=\"686\" height=\"332\" src=\"http://evergreenwellness.com/wp-content/uploads/2018/04/treatment.jpg\" alt=\"\" srcset=\"http://evergreenwellness.com/wp-content/uploads/2018/04/treatment.jpg 686w, http://evergreenwellness.com/wp-content/uploads/2018/04/treatment-300x145.jpg 300w\" sizes=\"(max-width: 686px) 100vw, 686px\" />											\n			<h1>Q & A on Traditional Chinese Medicine</h1>		\n		<p>Traditional Chinese Medicine (TCM) is the oldest professional, continually practiced and literate medicine in the world. Written literature on TCM dates back almost 3,000 years. Currently, one quarter of the world’s population makes use of it. One can say that modern Western medicine and Traditional Chinese Medicine are the two dominant medical systems in the world today.</p><p>Q. Isn’t Traditional Chinese Medicine just a system of folk healing?</p><p>A. No. This system has been created by some of the best educated and brightest scholars in Chinese history. These scholars have recorded their theories and clinic experiences from generation to generation in thousands of books. Currently, books and articles on TCM are published in professional journals throughout the world.</p><p><br />Q. How does Traditional Chinese Medicine work?</p><p>A. TCM works by re-establishing balance between yin and yang, balance between the five phases, balance between the viscera and bowels and balance between the qi (energy), xue (blood) and body fluids. This balance is re-established by supporting the body’s healthy or righteous energy and attacking any unhealthy or negative energy. </p><p>Q. How does a TCM practitioner determine what is out of balance?</p><p>A. The TCM practitioner uses four basic diagnostic examinations. The first is questioning the patient about their signs and symptoms, medical history and course of disease. The second is visually inspecting the patient’s face, body, and especially their tongue and its coating. The third is listening to the patient’s voice and the sound of their breathing, as well as smelling any odors emanating from their body or excretions. The fourth is palpating various areas of the body, and especially the pulse at both wrists. From these examinations, the practitioner can determine the pattern of disharmony that requires rebalancing.</p><p><br />Q. How is this rebalancing accomplished?</p><p>A. If something is too hot, the practitioner seeks to cool it down. If something is too cool, they want to warm it up. If something is too wet, they try to dry it; while if something is too dry, they try to moisten it. If something is stuck, they try to move it, and if something is flowing inappropriately, they try to make it flow in the right direction and in the right amount. The methods to re-establish balance are using acupuncture/moxibustion and Chinese herbs. Acupuncture and moxibustion seek to regulate the flow of qi and xue within the body, by either inserting fine, sterile needles at certain acupoints or warming certain acupoints by various methods. Chinese herbal medicines may be prescribed for internal use or applied externally. In addition, TCM practitioners may also use tui na or an mo, styles of Chinese massage. They may also prescribe remedial or preventative exercises, such as tai chi, qi gong or dao yin, and they typically counsel their patients on diet and lifestyle, all according to the theories of Chinese Medicine.</p><p><br />Q. Is Traditional Chinese Medicine safe?</p><p>A. Very. When practiced correctly by trained, qualified professional practitioners, acupuncture and Chinese herbal medicine are extremely safe. In fact, when practiced correctly, they have no side effects and produce no iatrogenic or doctor-caused disease.</p>		\n			<h1>Articles</h1>		\n		<p>There is a plethora of information about Traditional Chinese Medicine and its implications on diagnosis and treatment of a variety of issues. Here you will find articles written by Dr. Qizhi Gao to help explain the essential theory behind the many imbalances we face within our bodies.</p><p><a title=\"Traditional Chinese Medicine: Holistic Concept, Dynamic View and Natural Therapies\" href=\"https://web.archive.org/web/20161022194812/http://evergreenwellness.com/?page_id=303\">Traditional Chinese Medicine: Holistic Concept, Dynamic View and Natural Therapies</a></p><p><a title=\"Post-Stroke Rehabilitation\" href=\"https://web.archive.org/web/20161022194812/http://evergreenwellness.com/?page_id=291\">Post-Stroke Rehabilitation</a></p><p><a title=\"Stroke Rehabilitation and Traditional Chinese Medicine\" href=\"https://web.archive.org/web/20161022194812/http://evergreenwellness.com/?page_id=294\">Stroke Rehabilitation and Traditional Chinese Medicine</a></p><p><a title=\"TCM and Heart Diseases\" href=\"https://web.archive.org/web/20161022194812/http://evergreenwellness.com/?page_id=297\">TCM and Heart Diseases</a></p><p><a title=\"Traditional Chinese Medicine and Infertility\" href=\"https://web.archive.org/web/20161022194812/http://evergreenwellness.com/?page_id=289\">Traditional Chinese Medicine and Infertility</a></p>','Knowledge Base','','inherit','closed','closed','','25-revision-v1','','','2018-04-06 21:04:06','2018-04-06 21:04:06','',25,'http://evergreenwellness.com/25-revision-v1/',0,'revision','',0),(564,1,'2018-04-06 21:15:50','2018-04-06 21:15:50','','12','','inherit','open','closed','','12','','','2018-04-06 21:15:50','2018-04-06 21:15:50','',0,'http://evergreenwellness.com/wp-content/uploads/2018/04/12.png',0,'attachment','image/png',0),(568,1,'2018-04-06 21:34:13','2018-04-06 21:34:13','','0','','inherit','open','closed','','0','','','2018-04-06 21:34:13','2018-04-06 21:34:13','',0,'http://evergreenwellness.com/wp-content/uploads/2018/04/0.png',0,'attachment','image/png',0),(569,1,'2018-04-06 21:36:39','2018-04-06 21:36:39','<h2>    Knowledge Base   </h2>		\n		<p>Knowledge is the power</p>		\n			<h1>What’s being treated?</h1>		\n										<img width=\"686\" height=\"332\" src=\"http://evergreenwellness.com/wp-content/uploads/2018/04/treatment.jpg\" alt=\"\" srcset=\"http://evergreenwellness.com/wp-content/uploads/2018/04/treatment.jpg 686w, http://evergreenwellness.com/wp-content/uploads/2018/04/treatment-300x145.jpg 300w\" sizes=\"(max-width: 686px) 100vw, 686px\" />											\n			<h1>Q & A on Traditional Chinese Medicine</h1>		\n		<p>Traditional Chinese Medicine (TCM) is the oldest professional, continually practiced and literate medicine in the world. Written literature on TCM dates back almost 3,000 years. Currently, one quarter of the world’s population makes use of it. One can say that modern Western medicine and Traditional Chinese Medicine are the two dominant medical systems in the world today.</p><p>Q. Isn’t Traditional Chinese Medicine just a system of folk healing?</p><p>A. No. This system has been created by some of the best educated and brightest scholars in Chinese history. These scholars have recorded their theories and clinic experiences from generation to generation in thousands of books. Currently, books and articles on TCM are published in professional journals throughout the world.</p><p><br />Q. How does Traditional Chinese Medicine work?</p><p>A. TCM works by re-establishing balance between yin and yang, balance between the five phases, balance between the viscera and bowels and balance between the qi (energy), xue (blood) and body fluids. This balance is re-established by supporting the body’s healthy or righteous energy and attacking any unhealthy or negative energy. </p><p>Q. How does a TCM practitioner determine what is out of balance?</p><p>A. The TCM practitioner uses four basic diagnostic examinations. The first is questioning the patient about their signs and symptoms, medical history and course of disease. The second is visually inspecting the patient’s face, body, and especially their tongue and its coating. The third is listening to the patient’s voice and the sound of their breathing, as well as smelling any odors emanating from their body or excretions. The fourth is palpating various areas of the body, and especially the pulse at both wrists. From these examinations, the practitioner can determine the pattern of disharmony that requires rebalancing.</p><p><br />Q. How is this rebalancing accomplished?</p><p>A. If something is too hot, the practitioner seeks to cool it down. If something is too cool, they want to warm it up. If something is too wet, they try to dry it; while if something is too dry, they try to moisten it. If something is stuck, they try to move it, and if something is flowing inappropriately, they try to make it flow in the right direction and in the right amount. The methods to re-establish balance are using acupuncture/moxibustion and Chinese herbs. Acupuncture and moxibustion seek to regulate the flow of qi and xue within the body, by either inserting fine, sterile needles at certain acupoints or warming certain acupoints by various methods. Chinese herbal medicines may be prescribed for internal use or applied externally. In addition, TCM practitioners may also use tui na or an mo, styles of Chinese massage. They may also prescribe remedial or preventative exercises, such as tai chi, qi gong or dao yin, and they typically counsel their patients on diet and lifestyle, all according to the theories of Chinese Medicine.</p><p><br />Q. Is Traditional Chinese Medicine safe?</p><p>A. Very. When practiced correctly by trained, qualified professional practitioners, acupuncture and Chinese herbal medicine are extremely safe. In fact, when practiced correctly, they have no side effects and produce no iatrogenic or doctor-caused disease.</p>		\n			<h1>Articles</h1>		\n		<p>There is a plethora of information about Traditional Chinese Medicine and its implications on diagnosis and treatment of a variety of issues. Here you will find articles written by Dr. Qizhi Gao to help explain the essential theory behind the many imbalances we face within our bodies.</p><p><a title=\"Traditional Chinese Medicine: Holistic Concept, Dynamic View and Natural Therapies\" href=\"https://web.archive.org/web/20161022194812/http://evergreenwellness.com/?page_id=303\">Traditional Chinese Medicine: Holistic Concept, Dynamic View and Natural Therapies</a></p><p><a title=\"Post-Stroke Rehabilitation\" href=\"https://web.archive.org/web/20161022194812/http://evergreenwellness.com/?page_id=291\">Post-Stroke Rehabilitation</a></p><p><a title=\"Stroke Rehabilitation and Traditional Chinese Medicine\" href=\"https://web.archive.org/web/20161022194812/http://evergreenwellness.com/?page_id=294\">Stroke Rehabilitation and Traditional Chinese Medicine</a></p><p><a title=\"TCM and Heart Diseases\" href=\"https://web.archive.org/web/20161022194812/http://evergreenwellness.com/?page_id=297\">TCM and Heart Diseases</a></p><p><a title=\"Traditional Chinese Medicine and Infertility\" href=\"https://web.archive.org/web/20161022194812/http://evergreenwellness.com/?page_id=289\">Traditional Chinese Medicine and Infertility</a></p>','Knowledge Base','','inherit','closed','closed','','25-revision-v1','','','2018-04-06 21:36:39','2018-04-06 21:36:39','',25,'http://evergreenwellness.com/25-revision-v1/',0,'revision','',0),(571,1,'2018-04-06 21:41:38','2018-04-06 21:41:38','','01','','inherit','open','closed','','01','','','2018-04-06 21:41:38','2018-04-06 21:41:38','',0,'http://evergreenwellness.com/wp-content/uploads/2018/04/01.png',0,'attachment','image/png',0),(572,1,'2018-04-06 21:42:27','2018-04-06 21:42:27','','011','','inherit','open','closed','','011','','','2018-04-06 21:42:27','2018-04-06 21:42:27','',0,'http://evergreenwellness.com/wp-content/uploads/2018/04/011.png',0,'attachment','image/png',0),(573,1,'2018-04-06 21:42:49','2018-04-06 21:42:49','<h2>Evergreen Wellness Center</h2>		\n		<p>&nbsp;May you have a good health and longevity ... like the evergreen</p><p><strong>Welcome to the Evergreen Wellness Center (EWC), a full-service Traditional Chinese Medicine Clinic. Through our combination of Acupuncture, Herbal Therapy, Massage, Qigong Diet and Nutrition, we are here to enrich the quality of your life and help you feel better. EWC offers only the best Traditional Chinese Medicine services by a staff of experienced professionals and nationally certified clinicians to meet your specific need. We invite you to review our services and learn more about how our clinic can serve you.</strong></p>		\n			<h2>Amazing story of one of our stroke rehabilitation patient</h2>		\n		https://youtu.be/RTQGpPwn2BU<p>I had surgery to remove a benign meningioma brain tumor. During or after surgery, I suffered a severe stroke.I do not recall much of anything during the first two months. I could not speak a word. I had difficulty breathing. Eventually, the doctors gave up and told my husband they didn’t think I would live.  I had one health crisis after another. Then, just when all hope seemed gone my husband heard through a friend about acupuncture for stroke victims.  He immediately called a doctor- Dr. Gao trained in TCM to examine me. <br />Now the good news ... ...Within two weeks…<strong style=\"font-size: 14px;\">only</strong> <strong style=\"font-size: 14px;\">two short weeks</strong>, after starting treatments I began to speak.   First it was words, then phrases and then sentences.  I had been locked up inside myself for two months. It was absolutely amazing!  Click on the video for the whole story.</p>		\n			<h2>Weight Management -- Breathing yourself thin</h2>		\n		<p>You’ve spent hours exercising. You’ve denied cravings with dieting. No matter what you’ve tried, there are some extra pounds you just can’t seem to shed. But have you tried…breathing?</p><p>KAKE TV introduces you to an ancient Chinese method that doesn’t take a lot of time and is really working for real Kansans.Best of all, there’s no special diet or exercise!</p><p>Chi Gong – Breathing Yourself Thin. Click <a href=\"http://ibreathin.com\">Here</a> for more detail about online class.</p>https://vimeo.com/194991450		\n			<h2>If you have any questions, please contact us.</h2>		\n			<a href=\"http://evergreenwellness.com/contact/\" role=\"button\">\n						Contact Us\n					</a>','Home','','inherit','closed','closed','','21-revision-v1','','','2018-04-06 21:42:49','2018-04-06 21:42:49','',21,'http://evergreenwellness.com/21-revision-v1/',0,'revision','',0),(580,1,'2018-04-06 22:00:29','2018-04-06 22:00:29','','9.5','','inherit','open','closed','','9-5','','','2018-04-06 22:00:29','2018-04-06 22:00:29','',0,'http://evergreenwellness.com/wp-content/uploads/2018/04/9.5.jpg',0,'attachment','image/jpeg',0),(579,1,'2018-04-06 21:56:53','2018-04-06 21:56:53','<h2>About Us</h2>		\n		<p>Experienced professionals     Quality patient-centered care</p>		\n			<h2>Mission Statement</h2>		\n		<p>The Evergreen Wellness Center is committed to provide quality patient-centered care, which promotes the art and science of Traditional Chinese Medicine for each individual’s health and well-being.</p>		\n			<h2>   Our Staff</h2>		\n										<img width=\"150\" height=\"150\" src=\"http://evergreenwellness.com/wp-content/uploads/2018/04/gao-1-150x150.jpg\" alt=\"\" />											\n		<p><strong>Qizhi Gao, D.O.M., Dipl. OM (NCCAOM)</strong></p><p>Dr. Gao has practiced Traditional Chinese Medicine since 1980 and has more than 30 years experience as a Qigong practitioner and instructor. He is licensed by the state of New Mexico as a Doctor of Oriental Medicine and as an acupuncturist by the state of Missouri. He also holds a Diplomate of Oriental Medicine certified by the National Certification of Acupuncture and Oriental Medicine (NCCAOM).</p>		\n										<img width=\"150\" height=\"150\" src=\"http://evergreenwellness.com/wp-content/uploads/2018/04/IMG_0238-150x150.jpg\" alt=\"\" srcset=\"http://evergreenwellness.com/wp-content/uploads/2018/04/IMG_0238-150x150.jpg 150w, http://evergreenwellness.com/wp-content/uploads/2018/04/IMG_0238-300x300.jpg 300w, http://evergreenwellness.com/wp-content/uploads/2018/04/IMG_0238-768x768.jpg 768w, http://evergreenwellness.com/wp-content/uploads/2018/04/IMG_0238-1024x1024.jpg 1024w\" sizes=\"(max-width: 150px) 100vw, 150px\" />											\n		<p><strong>Carrie Hao X. Shen, Lic. Acupuncturist  </strong></p><p>Carrie Hao X. Shen is a Licensed Acupuncturist (L.Ac.), and completed 4000 hours Oriental Medicine Apprenticeship Program under Dr. Qizhi Gao in 2014. She specializes in the treatment of fertility issues, pain management, and digestive disorders.</p><p>She strongly believes in the body’s natural ability to heal itself, and also supports the integration of Eastern and Western medicine in treating illness and maintaining the best health possible.</p><p>She uses acupuncture, nutrition diet, and various mind and body practices, to treat health problems or prevent illnesses. Her goal of practicing is to improve the quality of life for patients through safe, effective, accessible, affordable and personalized care.</p>		\n			<h2>Fees and Insurence</h2>		\n		<p>The fees for our services are varied, based on the patient’s age and other factors. Please <a href=\"http://evergreenwellness.com/contact/\">contact us</a> to discuss the cost of treatment.</p><p>EWC does not file insurance claims. It is the patient’s responsibility to provide payment at the time of service and contact. More and more insurance companies are covering acupuncture. Many Flex Plans will cover Acupuncture treatment as well.</p><p>Please check with your insurance company to see if they will reimburse you for our services. We are happy to assist in the process by providing the necessary invoices and insurance codes to the patient to submit to insurance.</p><p>Feel free to peruse our website, read more and find answers to your questions. If you need additional information please <a href=\"http://evergreenwellness.com/contact/\"><strong>contact us</strong></a>.</p>','About','','inherit','closed','closed','','23-revision-v1','','','2018-04-06 21:56:53','2018-04-06 21:56:53','',23,'http://evergreenwellness.com/23-revision-v1/',0,'revision','',0),(585,1,'2018-04-06 22:09:30','2018-04-06 22:09:30','<h2>Contact Us</h2>		\n		<h4>Need an expert?</h4><h4>You are more than welcomed to leave your contact info</h4><h4>and we will be in touch shortly</h4>		\n			<h3>Contact Us</h3>		\n					<ul>\n							<li >\n										1520 S Webb Road, Suite 160, Wichita, KS 67207\n									</li>\n								<li >\n										(316) 691-8811\n									</li>\n								<li >\n										ewc316@gmail.com\n									</li>\n						</ul>\n		[contact-form-7 id=\"177\" title=\"Contact form 1\"]		\n			<iframe frameborder=\"0\" scrolling=\"no\" marginheight=\"0\" marginwidth=\"0\" src=\"https://maps.google.com/maps?q=1520%20S%20Webb%20Road%2C%20Suite%20160%2C%C2%A0Wichita%2C%20KS%2067207&amp;t=m&amp;z=10&amp;output=embed&amp;iwloc=near\" aria-label=\"1520 S Webb Road, Suite 160, Wichita, KS 67207\"></iframe>','Contact','','inherit','closed','closed','','27-revision-v1','','','2018-04-06 22:09:30','2018-04-06 22:09:30','',27,'http://evergreenwellness.com/27-revision-v1/',0,'revision','',0),(586,1,'2018-04-06 22:51:33','2018-04-06 22:51:33','','2.3','','inherit','open','closed','','2-3','','','2018-04-06 22:51:33','2018-04-06 22:51:33','',0,'http://evergreenwellness.com/wp-content/uploads/2018/04/2.3.png',0,'attachment','image/png',0),(607,1,'2018-04-07 20:10:36','2018-04-07 20:10:36','<h2>    Knowledge Base   </h2>		\n		<p>Knowledge is the power</p>		\n			<h1>What’s being treated?</h1>		\n										<img width=\"686\" height=\"332\" src=\"http://evergreenwellness.com/wp-content/uploads/2018/04/treatment.jpg\" alt=\"\" srcset=\"http://evergreenwellness.com/wp-content/uploads/2018/04/treatment.jpg 686w, http://evergreenwellness.com/wp-content/uploads/2018/04/treatment-300x145.jpg 300w\" sizes=\"(max-width: 686px) 100vw, 686px\" />											\n			<h1>Q & A on Traditional Chinese Medicine</h1>		\n		<p>Traditional Chinese Medicine (TCM) is the oldest professional, continually practiced and literate medicine in the world. Written literature on TCM dates back almost 3,000 years. Currently, one quarter of the world’s population makes use of it. One can say that modern Western medicine and Traditional Chinese Medicine are the two dominant medical systems in the world today.</p><p>Q. Isn’t Traditional Chinese Medicine just a system of folk healing?</p><p>A. No. This system has been created by some of the best educated and brightest scholars in Chinese history. These scholars have recorded their theories and clinic experiences from generation to generation in thousands of books. Currently, books and articles on TCM are published in professional journals throughout the world.</p><p><br />Q. How does Traditional Chinese Medicine work?</p><p>A. TCM works by re-establishing balance between yin and yang, balance between the five phases, balance between the viscera and bowels and balance between the qi (energy), xue (blood) and body fluids. This balance is re-established by supporting the body’s healthy or righteous energy and attacking any unhealthy or negative energy. </p><p>Q. How does a TCM practitioner determine what is out of balance?</p><p>A. The TCM practitioner uses four basic diagnostic examinations. The first is questioning the patient about their signs and symptoms, medical history and course of disease. The second is visually inspecting the patient’s face, body, and especially their tongue and its coating. The third is listening to the patient’s voice and the sound of their breathing, as well as smelling any odors emanating from their body or excretions. The fourth is palpating various areas of the body, and especially the pulse at both wrists. From these examinations, the practitioner can determine the pattern of disharmony that requires rebalancing.</p><p><br />Q. How is this rebalancing accomplished?</p><p>A. If something is too hot, the practitioner seeks to cool it down. If something is too cool, they want to warm it up. If something is too wet, they try to dry it; while if something is too dry, they try to moisten it. If something is stuck, they try to move it, and if something is flowing inappropriately, they try to make it flow in the right direction and in the right amount. The methods to re-establish balance are using acupuncture/moxibustion and Chinese herbs. Acupuncture and moxibustion seek to regulate the flow of qi and xue within the body, by either inserting fine, sterile needles at certain acupoints or warming certain acupoints by various methods. Chinese herbal medicines may be prescribed for internal use or applied externally. In addition, TCM practitioners may also use tui na or an mo, styles of Chinese massage. They may also prescribe remedial or preventative exercises, such as tai chi, qi gong or dao yin, and they typically counsel their patients on diet and lifestyle, all according to the theories of Chinese Medicine.</p><p><br />Q. Is Traditional Chinese Medicine safe?</p><p>A. Very. When practiced correctly by trained, qualified professional practitioners, acupuncture and Chinese herbal medicine are extremely safe. In fact, when practiced correctly, they have no side effects and produce no iatrogenic or doctor-caused disease.</p>		\n			<h1>Articles</h1>		\n		<p>There is a plethora of information about Traditional Chinese Medicine and its implications on diagnosis and treatment of a variety of issues. Here you will find articles written by Dr. Qizhi Gao to help explain the essential theory behind the many imbalances we face within our bodies.</p><p><a title=\"Traditional Chinese Medicine: Holistic Concept, Dynamic View and Natural Therapies\" href=\"https://web.archive.org/web/20161022194812/http://evergreenwellness.com/?page_id=303\">Traditional Chinese Medicine: Holistic Concept, Dynamic View and Natural Therapies</a></p><p><a title=\"Post-Stroke Rehabilitation\" href=\"https://web.archive.org/web/20161022194812/http://evergreenwellness.com/?page_id=291\">Post-Stroke Rehabilitation</a></p><p><a title=\"Stroke Rehabilitation and Traditional Chinese Medicine\" href=\"https://web.archive.org/web/20161022194812/http://evergreenwellness.com/?page_id=294\">Stroke Rehabilitation and Traditional Chinese Medicine</a></p><p><a title=\"TCM and Heart Diseases\" href=\"https://web.archive.org/web/20161022194812/http://evergreenwellness.com/?page_id=297\">TCM and Heart Diseases</a></p><p><a title=\"Traditional Chinese Medicine and Infertility\" href=\"https://web.archive.org/web/20161022194812/http://evergreenwellness.com/?page_id=289\">Traditional Chinese Medicine and Infertility</a></p>','Knowledge Base','','inherit','closed','closed','','25-revision-v1','','','2018-04-07 20:10:36','2018-04-07 20:10:36','',25,'http://evergreenwellness.com/25-revision-v1/',0,'revision','',0),(588,1,'2018-04-07 18:41:34','2018-04-07 18:41:34','','green','','inherit','open','closed','','green','','','2018-04-07 18:41:34','2018-04-07 18:41:34','',0,'http://evergreenwellness.com/wp-content/uploads/2018/04/green.png',0,'attachment','image/png',0),(621,1,'2018-08-05 19:09:04','0000-00-00 00:00:00','','Auto Draft','','auto-draft','open','open','','','','','2018-08-05 19:09:04','0000-00-00 00:00:00','',0,'http://evergreenwellness.com/?p=621',0,'post','',0),(611,1,'2018-07-29 20:47:28','2018-07-29 20:47:28','<h2>About Us</h2>		\n		<p>Experienced professionals     Quality patient-centered care</p>		\n			<h2>Mission Statement</h2>		\n		<p>The Evergreen Wellness Center is committed to provide quality patient-centered care, which promotes the art and science of Traditional Chinese Medicine for each individual’s health and well-being.</p>		\n			<h2>   Our Staff</h2>		\n										<img width=\"150\" height=\"150\" src=\"http://evergreenwellness.com/wp-content/uploads/2018/04/gao-1-150x150.jpg\" alt=\"\" />											\n		<p><strong>Qizhi Gao, D.O.M., Dipl. OM (NCCAOM)</strong></p><p>Dr. Gao has practiced Traditional Chinese Medicine since 1980 and has more than 30 years experience as a Qigong practitioner and instructor. He is licensed by the state of New Mexico as a Doctor of Oriental Medicine and as an acupuncturist by the state of Kansas. He also holds a Diplomate of Oriental Medicine certified by the National Certification of Acupuncture and Oriental Medicine (NCCAOM).</p>		\n										<img width=\"150\" height=\"150\" src=\"http://evergreenwellness.com/wp-content/uploads/2018/04/IMG_0238-150x150.jpg\" alt=\"\" srcset=\"http://evergreenwellness.com/wp-content/uploads/2018/04/IMG_0238-150x150.jpg 150w, http://evergreenwellness.com/wp-content/uploads/2018/04/IMG_0238-300x300.jpg 300w, http://evergreenwellness.com/wp-content/uploads/2018/04/IMG_0238-768x768.jpg 768w, http://evergreenwellness.com/wp-content/uploads/2018/04/IMG_0238-1024x1024.jpg 1024w\" sizes=\"(max-width: 150px) 100vw, 150px\" />											\n		<p><strong>Carrie Hao X. Shen, Lic. Acupuncturist  </strong></p><p>Carrie Hao X. Shen is a Licensed Acupuncturist (L.Ac.), and completed 4000 hours Oriental Medicine Apprenticeship Program under Dr. Qizhi Gao in 2014. She specializes in the treatment of fertility issues, pain management, and digestive disorders.</p><p>She strongly believes in the body’s natural ability to heal itself, and also supports the integration of Eastern and Western medicine in treating illness and maintaining the best health possible.</p><p>She uses acupuncture, nutrition diet, and various mind and body practices, to treat health problems or prevent illnesses. Her goal of practicing is to improve the quality of life for patients through safe, effective, accessible, affordable and personalized care.</p>		\n			<h2>Fees and Insurence</h2>		\n		<p>The fees for our services are varied, based on the patient’s age and other factors. Please <a href=\"http://evergreenwellness.com/contact/\">contact us</a> to discuss the cost of treatment.</p><p>EWC does not file insurance claims. It is the patient’s responsibility to provide payment at the time of service and contact. More and more insurance companies are covering acupuncture. Many Flex Plans will cover Acupuncture treatment as well.</p><p>Please check with your insurance company to see if they will reimburse you for our services. We are happy to assist in the process by providing the necessary invoices and insurance codes to the patient to submit to insurance.</p><p>Feel free to peruse our website, read more and find answers to your questions. If you need additional information please <a href=\"http://evergreenwellness.com/contact/\"><strong>contact us</strong></a>.</p>','About','','inherit','closed','closed','','23-revision-v1','','','2018-07-29 20:47:28','2018-07-29 20:47:28','',23,'http://evergreenwellness.com/23-revision-v1/',0,'revision','',0),(590,1,'2018-04-07 19:07:53','2018-04-07 19:07:53','<h2>Evergreen Wellness Center</h2>		\n		<p>&nbsp;May you have a good health and longevity ... like the evergreen</p><p><strong>Welcome to the Evergreen Wellness Center (EWC), a full-service Traditional Chinese Medicine Clinic. Through our combination of Acupuncture, Herbal Therapy, Massage, Qigong Diet and Nutrition, we are here to enrich the quality of your life and help you feel better. EWC offers only the best Traditional Chinese Medicine services by a staff of experienced professionals and nationally certified clinicians to meet your specific need. We invite you to review our services and learn more about how our clinic can serve you.</strong></p>		\n			<h2>Amazing story of one of our stroke rehabilitation patient</h2>		\n		https://youtu.be/RTQGpPwn2BU<p>I had surgery to remove a benign meningioma brain tumor. During or after surgery, I suffered a severe stroke.I do not recall much of anything during the first two months. I could not speak a word. I had difficulty breathing. Eventually, the doctors gave up and told my husband they didn’t think I would live.  I had one health crisis after another. Then, just when all hope seemed gone my husband heard through a friend about acupuncture for stroke victims.  He immediately called a doctor- Dr. Gao trained in TCM to examine me. <br />Now the good news ... ...Within two weeks…<strong style=\"font-size: 14px;\">only</strong> <strong style=\"font-size: 14px;\">two short weeks</strong>, after starting treatments I began to speak.   First it was words, then phrases and then sentences.  I had been locked up inside myself for two months. It was absolutely amazing!  Click on the video for the whole story.</p>		\n			<h2>Weight Management -- Breathing yourself thin</h2>		\n		<p>You’ve spent hours exercising. You’ve denied cravings with dieting. No matter what you’ve tried, there are some extra pounds you just can’t seem to shed. But have you tried…breathing?</p><p>KAKE TV introduces you to an ancient Chinese method that doesn’t take a lot of time and is really working for real Kansans.Best of all, there’s no special diet or exercise!</p><p>Chi Gong – Breathing Yourself Thin. Click <a href=\"http://ibreathin.com\">Here</a> for more detail about online class.</p>https://vimeo.com/194991450		\n			<h2>If you have any questions, please contact us.</h2>		\n			<a href=\"http://evergreenwellness.com/contact/\" role=\"button\">\n						Contact Us\n					</a>','Home','','inherit','closed','closed','','21-revision-v1','','','2018-04-07 19:07:53','2018-04-07 19:07:53','',21,'http://evergreenwellness.com/21-revision-v1/',0,'revision','',0),(591,1,'2018-04-07 19:10:19','2018-04-07 19:10:19','<h2>Contact Us</h2>		\n		<h4>Need an expert?</h4><h4>You are more than welcomed to leave your contact info</h4><h4>and we will be in touch shortly</h4>		\n			<h3>Contact Us</h3>		\n					<ul>\n							<li >\n										1520 S Webb Road, Suite 160, Wichita, KS 67207\n									</li>\n								<li >\n										(316) 691-8811\n									</li>\n								<li >\n										ewc316@gmail.com\n									</li>\n						</ul>\n		[contact-form-7 id=\"177\" title=\"Contact form 1\"]		\n			<iframe frameborder=\"0\" scrolling=\"no\" marginheight=\"0\" marginwidth=\"0\" src=\"https://maps.google.com/maps?q=1520%20S%20Webb%20Road%2C%20Suite%20160%2C%C2%A0Wichita%2C%20KS%2067207&amp;t=m&amp;z=10&amp;output=embed&amp;iwloc=near\" aria-label=\"1520 S Webb Road, Suite 160, Wichita, KS 67207\"></iframe>','Contact','','inherit','closed','closed','','27-revision-v1','','','2018-04-07 19:10:19','2018-04-07 19:10:19','',27,'http://evergreenwellness.com/27-revision-v1/',0,'revision','',0),(594,1,'2018-04-07 19:15:31','2018-04-07 19:15:31','','2','','inherit','open','closed','','2-4','','','2018-04-07 19:15:31','2018-04-07 19:15:31','',0,'http://evergreenwellness.com/wp-content/uploads/2018/04/2-1.png',0,'attachment','image/png',0),(593,1,'2018-04-07 19:14:09','2018-04-07 19:14:09','<h2>Contact Us</h2>		\n		<h4>Need an expert?</h4><h4>You are more than welcomed to leave your contact info</h4><h4>and we will be in touch shortly</h4>		\n			<h3>Contact Us</h3>		\n					<ul>\n							<li >\n										1520 S Webb Road, Suite 160, Wichita, KS 67207\n									</li>\n								<li >\n										(316) 691-8811\n									</li>\n								<li >\n										ewc316@gmail.com\n									</li>\n						</ul>\n		[contact-form-7 id=\"177\" title=\"Contact form 1\"]		\n			<iframe frameborder=\"0\" scrolling=\"no\" marginheight=\"0\" marginwidth=\"0\" src=\"https://maps.google.com/maps?q=1520%20S%20Webb%20Road%2C%20Suite%20160%2C%C2%A0Wichita%2C%20KS%2067207&amp;t=m&amp;z=10&amp;output=embed&amp;iwloc=near\" aria-label=\"1520 S Webb Road, Suite 160, Wichita, KS 67207\"></iframe>','Contact','','inherit','closed','closed','','27-revision-v1','','','2018-04-07 19:14:09','2018-04-07 19:14:09','',27,'http://evergreenwellness.com/27-revision-v1/',0,'revision','',0),(595,1,'2018-04-07 19:15:49','2018-04-07 19:15:49','<h2>Contact Us</h2>		\n		<h4>Need an expert?</h4><h4>You are more than welcomed to leave your contact info</h4><h4>and we will be in touch shortly</h4>		\n			<h3>Contact Us</h3>		\n					<ul>\n							<li >\n										1520 S Webb Road, Suite 160, Wichita, KS 67207\n									</li>\n								<li >\n										(316) 691-8811\n									</li>\n								<li >\n										ewc316@gmail.com\n									</li>\n						</ul>\n		[contact-form-7 id=\"177\" title=\"Contact form 1\"]		\n			<iframe frameborder=\"0\" scrolling=\"no\" marginheight=\"0\" marginwidth=\"0\" src=\"https://maps.google.com/maps?q=1520%20S%20Webb%20Road%2C%20Suite%20160%2C%C2%A0Wichita%2C%20KS%2067207&amp;t=m&amp;z=10&amp;output=embed&amp;iwloc=near\" aria-label=\"1520 S Webb Road, Suite 160, Wichita, KS 67207\"></iframe>','Contact','','inherit','closed','closed','','27-revision-v1','','','2018-04-07 19:15:49','2018-04-07 19:15:49','',27,'http://evergreenwellness.com/27-revision-v1/',0,'revision','',0),(601,1,'2018-04-07 19:22:46','2018-04-07 19:22:46','<h2>Services</h2>		\n		<p>Acupuncture      Herbal      Massage      Qigong</p>		\n			<h1>Acupuncture</h1>		\n										<img width=\"420\" height=\"260\" src=\"http://evergreenwellness.com/wp-content/uploads/2018/04/ac7.jpg\" alt=\"\" srcset=\"http://evergreenwellness.com/wp-content/uploads/2018/04/ac7.jpg 420w, http://evergreenwellness.com/wp-content/uploads/2018/04/ac7-300x186.jpg 300w\" sizes=\"(max-width: 420px) 100vw, 420px\" />											\n										<img width=\"388\" height=\"260\" src=\"http://evergreenwellness.com/wp-content/uploads/2018/04/Acupuncture500-1-e1522634879500.jpg\" alt=\"\" />											\n										<img width=\"420\" height=\"269\" src=\"http://evergreenwellness.com/wp-content/uploads/2018/04/acupuncture_500-e1522635045797.jpg\" alt=\"\" />											\n		<p>In acupuncture, a TCM physician or Acupuncturist inserts one or more fine needles into the patient’s body to adjust the energy flow. Acupuncture points are like traffic lights on a city street, and the energy that runs through the body is like the traffic flow. Sometimes there is congestion or stagnation in the traffic, and the lights help control the cars and tell them when and where to go. Similarly, an acupuncturist utilizes the needles and acupuncture points to move the energy flow through the body more consistently to provide relief from your symptoms and restore balance to your body.</p><h3>Acupuncture can be used to treat all types of health issues:</h3><p>Addictions<br /> Allergies<br /> Cosmetic procedures (such as acupuncture for face lifting)<br /> Degenerative diseases due to aging<br /> Depression<br /> Men’s Health<br /> Pain Management<br /> Stroke Rehabilitation<br /> Weight Loss and Management<br /> Women’s Health (PMS, Menopause, Low libido, Infertility, etc.)</p><p>When you arrive for your first acupuncture treatment at Evergreen Wellness Center, we ask that you arrive a few minutes early to complete a short form regarding your health history. Please bring a list of any medications you are currently taking, or copies of any other lab tests or X-rays you feel might be helpful for us to keep in your patient file.</p><p>During your consultation, the acupuncturist will discuss your symptoms, provide a diagnosis and prognosis, and determine a treatment plan for any additional acupuncture, massage or herbs that may assist with treating your syndrome.</p><p>Initial appointments typically last 45 minutes to one hour. Follow-up acupuncture treatments usually last around 30 minutes.</p>		\n			<h1>Herbal Medicine</h1>		\n										<img width=\"400\" height=\"600\" src=\"http://evergreenwellness.com/wp-content/uploads/2018/04/mhrf-cpmh17814.jpg\" alt=\"\" srcset=\"http://evergreenwellness.com/wp-content/uploads/2018/04/mhrf-cpmh17814.jpg 400w, http://evergreenwellness.com/wp-content/uploads/2018/04/mhrf-cpmh17814-200x300.jpg 200w\" sizes=\"(max-width: 400px) 100vw, 400px\" />											\n										<img width=\"400\" height=\"600\" src=\"http://evergreenwellness.com/wp-content/uploads/2018/04/jt-ai-020223846.jpg\" alt=\"\" srcset=\"http://evergreenwellness.com/wp-content/uploads/2018/04/jt-ai-020223846.jpg 400w, http://evergreenwellness.com/wp-content/uploads/2018/04/jt-ai-020223846-200x300.jpg 200w\" sizes=\"(max-width: 400px) 100vw, 400px\" />											\n										<img width=\"400\" height=\"600\" src=\"http://evergreenwellness.com/wp-content/uploads/2018/04/mhrf-cpmh17815.jpg\" alt=\"\" srcset=\"http://evergreenwellness.com/wp-content/uploads/2018/04/mhrf-cpmh17815.jpg 400w, http://evergreenwellness.com/wp-content/uploads/2018/04/mhrf-cpmh17815-200x300.jpg 200w\" sizes=\"(max-width: 400px) 100vw, 400px\" />											\n										<img width=\"400\" height=\"600\" src=\"http://evergreenwellness.com/wp-content/uploads/2018/04/mhrf-cpmh17845.jpg\" alt=\"\" srcset=\"http://evergreenwellness.com/wp-content/uploads/2018/04/mhrf-cpmh17845.jpg 400w, http://evergreenwellness.com/wp-content/uploads/2018/04/mhrf-cpmh17845-200x300.jpg 200w\" sizes=\"(max-width: 400px) 100vw, 400px\" />											\n		<p>Herbal medicine can be used to treat and also prevent various health problems. In ancient China, TCM medical experts tasted all the herbs they used in person before they gave them to their patients. Raw herbs could be in the form of bark, leaves, seeds, roots and a variety of other natural substances.</p><p>Today, hundreds of different herb formulas are used to treat different diseases with much success. Several commonly used herbal formulas are manufactured based on Chinese Herb Medicine Classics, and these formulas have been used for hundreds of years in China.</p><p>Evergreen Wellness Center distributes only the most pure and high-quality Traditional Chinese herbs and herbal products. You must make an appointment to receive an herbal consultation and diagnosis before purchasing herbs from our dispensary.</p><p><a title=\"Contact Us\" href=\"https://web.archive.org/web/20160617123300/http://evergreenwellness.com/?page_id=21\">Contact us</a> to schedule an herbal consultation today!</p> 		\n			<h1>Massage</h1>		\n										<img width=\"600\" height=\"401\" src=\"http://evergreenwellness.com/wp-content/uploads/2018/04/nmm.jpg\" alt=\"\" srcset=\"http://evergreenwellness.com/wp-content/uploads/2018/04/nmm.jpg 600w, http://evergreenwellness.com/wp-content/uploads/2018/04/nmm-300x201.jpg 300w\" sizes=\"(max-width: 600px) 100vw, 600px\" />											\n										<img width=\"600\" height=\"400\" src=\"http://evergreenwellness.com/wp-content/uploads/2018/04/nm.jpg\" alt=\"\" srcset=\"http://evergreenwellness.com/wp-content/uploads/2018/04/nm.jpg 600w, http://evergreenwellness.com/wp-content/uploads/2018/04/nm-300x200.jpg 300w\" sizes=\"(max-width: 600px) 100vw, 600px\" />											\n										<img width=\"600\" height=\"400\" src=\"http://evergreenwellness.com/wp-content/uploads/2018/04/nl.jpg\" alt=\"\" srcset=\"http://evergreenwellness.com/wp-content/uploads/2018/04/nl.jpg 600w, http://evergreenwellness.com/wp-content/uploads/2018/04/nl-300x200.jpg 300w\" sizes=\"(max-width: 600px) 100vw, 600px\" />											\n		<p><strong>O</strong><strong>riental Bodywork</strong></p><p>Tuina Anmo is the Chinese term for bone setting, muscle and joint manipulation and massage. Tuina Anmo is used for a variety of purposes, including as a treatment for all types of trauma, internal medicine, surgery, gynecology and pediatrics.</p><p>Massage therapy can do wonders for your body, both physically and mentally. Massage is an effective treatment for many health conditions. Benefits include:</p><p>Reduced stress and anxiety<br /> Relief from muscle tension and joint stiffness<br /> Increased blood circulation<br /> Reduced heart rate<br /> Induces relaxation<br /> Reduces back pain<br /> Relieves depression and insomnia<br /> Relieves Myofascial and Fibromyalgia pain<br /> Releives headaches/migraines</p><p>Our massage therapists are available by appointment Monday through Saturday to provide massage treatments for any reason, from rehabilitation therapy to relaxation.</p><p>For more information about our massage therapists on staff, click <a title=\"Our Staff\" href=\"https://web.archive.org/web/20160617122956/http://evergreenwellness.com/?page_id=46\">HERE</a>.</p><p><a title=\"Contact Us\" href=\"https://web.archive.org/web/20160617122956/http://evergreenwellness.com/?page_id=21\">Contact us</a> to schedule an appointment with one of our massage therapists.</p>		\n			<h1>Qigong</h1>		\n										<img width=\"600\" height=\"399\" src=\"http://evergreenwellness.com/wp-content/uploads/2018/04/taiji.jpg\" alt=\"\" srcset=\"http://evergreenwellness.com/wp-content/uploads/2018/04/taiji.jpg 600w, http://evergreenwellness.com/wp-content/uploads/2018/04/taiji-300x200.jpg 300w\" sizes=\"(max-width: 600px) 100vw, 600px\" />											\n										<img width=\"600\" height=\"399\" src=\"http://evergreenwellness.com/wp-content/uploads/2018/04/th.jpg\" alt=\"\" srcset=\"http://evergreenwellness.com/wp-content/uploads/2018/04/th.jpg 600w, http://evergreenwellness.com/wp-content/uploads/2018/04/th-300x200.jpg 300w\" sizes=\"(max-width: 600px) 100vw, 600px\" />											\n		 <p>Qigong (pronounced Chee Kung) is a method that combines body movement, breath exercise and mental concentration to exercise the body’s vital energy, or “Qi”. In China, Qigong is widely accepted for it’s curative effect, wide range of indications, ease to learn and safety. Today, there are over 200 million people practicing Qigong everyday in China, and it is gaining popularity throughout the world.</p><p>During Qigong exercises, you perform body movements to conduct the Qi to the place in which the you are concentrating with your mind. At the same time, different breath techniques are used depending on the exercise purpose. The exercises stimulate and balance the flow of Qi through the body, which helps enhance the body’s immune ability, postpone the aging process and develop the body’s potential.</p><p>Qigong has been widely used to treat many chronic diseases and also assist with a variety of issues:</p><p>Anemia<br /> Anxiety/Depression<br /> Arthritis<br /> Asthma<br /> Back Pain<br /> Bone Density<br /> Body Strength/Flexibility<br /> Concentration/Memory<br /> Hearing or Vision Impairment<br /> Hypertension (Greater Cardiac Efficiency, Improved Circulation, Stabilize Blood Pressure)<br /> Immune Cell Activity/Dysfunction<br /> Kidney Deficiencies<br /> Mental Health<br /> Overall Health and Well Being<br /> Sexual Dysfunction<br /> Tinnitus<br /> Weight Management</p><p>Qigong has two approaches. The first is self-healing or self-care. Individuals who want to improve their health do the Qigong exercise individually or in a group under the instruction of a qualified Qigong practitioner’s supervision. The second approach, External Qi healing, is a process whereby the Qigong practitioner’s energy is used to stimulate and balance the patient’s Qi so that illness can be healed. Both types of Qigong Therapy have been beneficial in treating individuals with respiratory, digestive, circulatory, urogenital, motor system and mental imbalance.</p><p>If you would like to find a way to prevent disease, maintain good health and assist your body in its healing processes then Qigong may be an alternative for you.</p><p><a title=\"Contact Us\" href=\"https://web.archive.org/web/20160503111017/http://evergreenwellness.com/?page_id=21\">Contact us</a> to schedule an appointment for a Qigong consultation.</p> ','Services','','inherit','closed','closed','','24-revision-v1','','','2018-04-07 19:22:46','2018-04-07 19:22:46','',24,'http://evergreenwellness.com/24-revision-v1/',0,'revision','',0),(597,1,'2018-04-07 19:18:13','2018-04-07 19:18:13','<h2>Services</h2>		\n		<p>Acupuncture      Herbal      Massage      Qigong</p>		\n			<h1>Acupuncture</h1>		\n										<img width=\"420\" height=\"260\" src=\"http://evergreenwellness.com/wp-content/uploads/2018/04/ac7.jpg\" alt=\"\" srcset=\"http://evergreenwellness.com/wp-content/uploads/2018/04/ac7.jpg 420w, http://evergreenwellness.com/wp-content/uploads/2018/04/ac7-300x186.jpg 300w\" sizes=\"(max-width: 420px) 100vw, 420px\" />											\n										<img width=\"388\" height=\"260\" src=\"http://evergreenwellness.com/wp-content/uploads/2018/04/Acupuncture500-1-e1522634879500.jpg\" alt=\"\" />											\n										<img width=\"420\" height=\"269\" src=\"http://evergreenwellness.com/wp-content/uploads/2018/04/acupuncture_500-e1522635045797.jpg\" alt=\"\" />											\n		<p>In acupuncture, a TCM physician or Acupuncturist inserts one or more fine needles into the patient’s body to adjust the energy flow. Acupuncture points are like traffic lights on a city street, and the energy that runs through the body is like the traffic flow. Sometimes there is congestion or stagnation in the traffic, and the lights help control the cars and tell them when and where to go. Similarly, an acupuncturist utilizes the needles and acupuncture points to move the energy flow through the body more consistently to provide relief from your symptoms and restore balance to your body.</p><h3>Acupuncture can be used to treat all types of health issues:</h3><p>Addictions<br /> Allergies<br /> Cosmetic procedures (such as acupuncture for face lifting)<br /> Degenerative diseases due to aging<br /> Depression<br /> Men’s Health<br /> Pain Management<br /> Stroke Rehabilitation<br /> Weight Loss and Management<br /> Women’s Health (PMS, Menopause, Low libido, Infertility, etc.)</p><p>When you arrive for your first acupuncture treatment at Evergreen Wellness Center, we ask that you arrive a few minutes early to complete a short form regarding your health history. Please bring a list of any medications you are currently taking, or copies of any other lab tests or X-rays you feel might be helpful for us to keep in your patient file.</p><p>During your consultation, the acupuncturist will discuss your symptoms, provide a diagnosis and prognosis, and determine a treatment plan for any additional acupuncture, massage or herbs that may assist with treating your syndrome.</p><p>Initial appointments typically last 45 minutes to one hour. Follow-up acupuncture treatments usually last around 30 minutes.</p>		\n			<h1>Herbal Medicine</h1>		\n										<img width=\"400\" height=\"600\" src=\"http://evergreenwellness.com/wp-content/uploads/2018/04/mhrf-cpmh17814.jpg\" alt=\"\" srcset=\"http://evergreenwellness.com/wp-content/uploads/2018/04/mhrf-cpmh17814.jpg 400w, http://evergreenwellness.com/wp-content/uploads/2018/04/mhrf-cpmh17814-200x300.jpg 200w\" sizes=\"(max-width: 400px) 100vw, 400px\" />											\n										<img width=\"400\" height=\"600\" src=\"http://evergreenwellness.com/wp-content/uploads/2018/04/jt-ai-020223846.jpg\" alt=\"\" srcset=\"http://evergreenwellness.com/wp-content/uploads/2018/04/jt-ai-020223846.jpg 400w, http://evergreenwellness.com/wp-content/uploads/2018/04/jt-ai-020223846-200x300.jpg 200w\" sizes=\"(max-width: 400px) 100vw, 400px\" />											\n										<img width=\"400\" height=\"600\" src=\"http://evergreenwellness.com/wp-content/uploads/2018/04/mhrf-cpmh17815.jpg\" alt=\"\" srcset=\"http://evergreenwellness.com/wp-content/uploads/2018/04/mhrf-cpmh17815.jpg 400w, http://evergreenwellness.com/wp-content/uploads/2018/04/mhrf-cpmh17815-200x300.jpg 200w\" sizes=\"(max-width: 400px) 100vw, 400px\" />											\n										<img width=\"400\" height=\"600\" src=\"http://evergreenwellness.com/wp-content/uploads/2018/04/mhrf-cpmh17845.jpg\" alt=\"\" srcset=\"http://evergreenwellness.com/wp-content/uploads/2018/04/mhrf-cpmh17845.jpg 400w, http://evergreenwellness.com/wp-content/uploads/2018/04/mhrf-cpmh17845-200x300.jpg 200w\" sizes=\"(max-width: 400px) 100vw, 400px\" />											\n		<p>Herbal medicine can be used to treat and also prevent various health problems. In ancient China, TCM medical experts tasted all the herbs they used in person before they gave them to their patients. Raw herbs could be in the form of bark, leaves, seeds, roots and a variety of other natural substances.</p><p>Today, hundreds of different herb formulas are used to treat different diseases with much success. Several commonly used herbal formulas are manufactured based on Chinese Herb Medicine Classics, and these formulas have been used for hundreds of years in China.</p><p>Evergreen Wellness Center distributes only the most pure and high-quality Traditional Chinese herbs and herbal products. You must make an appointment to receive an herbal consultation and diagnosis before purchasing herbs from our dispensary.</p><p><a title=\"Contact Us\" href=\"https://web.archive.org/web/20160617123300/http://evergreenwellness.com/?page_id=21\">Contact us</a> to schedule an herbal consultation today!</p> 		\n			<h1>Massage</h1>		\n										<img width=\"600\" height=\"401\" src=\"http://evergreenwellness.com/wp-content/uploads/2018/04/nmm.jpg\" alt=\"\" srcset=\"http://evergreenwellness.com/wp-content/uploads/2018/04/nmm.jpg 600w, http://evergreenwellness.com/wp-content/uploads/2018/04/nmm-300x201.jpg 300w\" sizes=\"(max-width: 600px) 100vw, 600px\" />											\n										<img width=\"600\" height=\"400\" src=\"http://evergreenwellness.com/wp-content/uploads/2018/04/nm.jpg\" alt=\"\" srcset=\"http://evergreenwellness.com/wp-content/uploads/2018/04/nm.jpg 600w, http://evergreenwellness.com/wp-content/uploads/2018/04/nm-300x200.jpg 300w\" sizes=\"(max-width: 600px) 100vw, 600px\" />											\n										<img width=\"600\" height=\"400\" src=\"http://evergreenwellness.com/wp-content/uploads/2018/04/nl.jpg\" alt=\"\" srcset=\"http://evergreenwellness.com/wp-content/uploads/2018/04/nl.jpg 600w, http://evergreenwellness.com/wp-content/uploads/2018/04/nl-300x200.jpg 300w\" sizes=\"(max-width: 600px) 100vw, 600px\" />											\n		<p><strong>O</strong><strong>riental Bodywork</strong></p><p>Tuina Anmo is the Chinese term for bone setting, muscle and joint manipulation and massage. Tuina Anmo is used for a variety of purposes, including as a treatment for all types of trauma, internal medicine, surgery, gynecology and pediatrics.</p><p>Massage therapy can do wonders for your body, both physically and mentally. Massage is an effective treatment for many health conditions. Benefits include:</p><p>Reduced stress and anxiety<br /> Relief from muscle tension and joint stiffness<br /> Increased blood circulation<br /> Reduced heart rate<br /> Induces relaxation<br /> Reduces back pain<br /> Relieves depression and insomnia<br /> Relieves Myofascial and Fibromyalgia pain<br /> Releives headaches/migraines</p><p>Our massage therapists are available by appointment Monday through Saturday to provide massage treatments for any reason, from rehabilitation therapy to relaxation.</p><p>For more information about our massage therapists on staff, click <a title=\"Our Staff\" href=\"https://web.archive.org/web/20160617122956/http://evergreenwellness.com/?page_id=46\">HERE</a>.</p><p><a title=\"Contact Us\" href=\"https://web.archive.org/web/20160617122956/http://evergreenwellness.com/?page_id=21\">Contact us</a> to schedule an appointment with one of our massage therapists.</p>		\n			<h1>Qigong</h1>		\n										<img width=\"600\" height=\"399\" src=\"http://evergreenwellness.com/wp-content/uploads/2018/04/taiji.jpg\" alt=\"\" srcset=\"http://evergreenwellness.com/wp-content/uploads/2018/04/taiji.jpg 600w, http://evergreenwellness.com/wp-content/uploads/2018/04/taiji-300x200.jpg 300w\" sizes=\"(max-width: 600px) 100vw, 600px\" />											\n										<img width=\"600\" height=\"399\" src=\"http://evergreenwellness.com/wp-content/uploads/2018/04/th.jpg\" alt=\"\" srcset=\"http://evergreenwellness.com/wp-content/uploads/2018/04/th.jpg 600w, http://evergreenwellness.com/wp-content/uploads/2018/04/th-300x200.jpg 300w\" sizes=\"(max-width: 600px) 100vw, 600px\" />											\n		 <p>Qigong (pronounced Chee Kung) is a method that combines body movement, breath exercise and mental concentration to exercise the body’s vital energy, or “Qi”. In China, Qigong is widely accepted for it’s curative effect, wide range of indications, ease to learn and safety. Today, there are over 200 million people practicing Qigong everyday in China, and it is gaining popularity throughout the world.</p><p>During Qigong exercises, you perform body movements to conduct the Qi to the place in which the you are concentrating with your mind. At the same time, different breath techniques are used depending on the exercise purpose. The exercises stimulate and balance the flow of Qi through the body, which helps enhance the body’s immune ability, postpone the aging process and develop the body’s potential.</p><p>Qigong has been widely used to treat many chronic diseases and also assist with a variety of issues:</p><p>Anemia<br /> Anxiety/Depression<br /> Arthritis<br /> Asthma<br /> Back Pain<br /> Bone Density<br /> Body Strength/Flexibility<br /> Concentration/Memory<br /> Hearing or Vision Impairment<br /> Hypertension (Greater Cardiac Efficiency, Improved Circulation, Stabilize Blood Pressure)<br /> Immune Cell Activity/Dysfunction<br /> Kidney Deficiencies<br /> Mental Health<br /> Overall Health and Well Being<br /> Sexual Dysfunction<br /> Tinnitus<br /> Weight Management</p><p>Qigong has two approaches. The first is self-healing or self-care. Individuals who want to improve their health do the Qigong exercise individually or in a group under the instruction of a qualified Qigong practitioner’s supervision. The second approach, External Qi healing, is a process whereby the Qigong practitioner’s energy is used to stimulate and balance the patient’s Qi so that illness can be healed. Both types of Qigong Therapy have been beneficial in treating individuals with respiratory, digestive, circulatory, urogenital, motor system and mental imbalance.</p><p>If you would like to find a way to prevent disease, maintain good health and assist your body in its healing processes then Qigong may be an alternative for you.</p><p><a title=\"Contact Us\" href=\"https://web.archive.org/web/20160503111017/http://evergreenwellness.com/?page_id=21\">Contact us</a> to schedule an appointment for a Qigong consultation.</p> ','Services','','inherit','closed','closed','','24-revision-v1','','','2018-04-07 19:18:13','2018-04-07 19:18:13','',24,'http://evergreenwellness.com/24-revision-v1/',0,'revision','',0),(599,1,'2018-04-07 19:20:36','2018-04-07 19:20:36','<h2>Services</h2>		\n		<p>Acupuncture      Herbal      Massage      Qigong</p>		\n			<h1>Acupuncture</h1>		\n										<img width=\"420\" height=\"260\" src=\"http://evergreenwellness.com/wp-content/uploads/2018/04/ac7.jpg\" alt=\"\" srcset=\"http://evergreenwellness.com/wp-content/uploads/2018/04/ac7.jpg 420w, http://evergreenwellness.com/wp-content/uploads/2018/04/ac7-300x186.jpg 300w\" sizes=\"(max-width: 420px) 100vw, 420px\" />											\n										<img width=\"388\" height=\"260\" src=\"http://evergreenwellness.com/wp-content/uploads/2018/04/Acupuncture500-1-e1522634879500.jpg\" alt=\"\" />											\n										<img width=\"420\" height=\"269\" src=\"http://evergreenwellness.com/wp-content/uploads/2018/04/acupuncture_500-e1522635045797.jpg\" alt=\"\" />											\n		<p>In acupuncture, a TCM physician or Acupuncturist inserts one or more fine needles into the patient’s body to adjust the energy flow. Acupuncture points are like traffic lights on a city street, and the energy that runs through the body is like the traffic flow. Sometimes there is congestion or stagnation in the traffic, and the lights help control the cars and tell them when and where to go. Similarly, an acupuncturist utilizes the needles and acupuncture points to move the energy flow through the body more consistently to provide relief from your symptoms and restore balance to your body.</p><h3>Acupuncture can be used to treat all types of health issues:</h3><p>Addictions<br /> Allergies<br /> Cosmetic procedures (such as acupuncture for face lifting)<br /> Degenerative diseases due to aging<br /> Depression<br /> Men’s Health<br /> Pain Management<br /> Stroke Rehabilitation<br /> Weight Loss and Management<br /> Women’s Health (PMS, Menopause, Low libido, Infertility, etc.)</p><p>When you arrive for your first acupuncture treatment at Evergreen Wellness Center, we ask that you arrive a few minutes early to complete a short form regarding your health history. Please bring a list of any medications you are currently taking, or copies of any other lab tests or X-rays you feel might be helpful for us to keep in your patient file.</p><p>During your consultation, the acupuncturist will discuss your symptoms, provide a diagnosis and prognosis, and determine a treatment plan for any additional acupuncture, massage or herbs that may assist with treating your syndrome.</p><p>Initial appointments typically last 45 minutes to one hour. Follow-up acupuncture treatments usually last around 30 minutes.</p>		\n			<h1>Herbal Medicine</h1>		\n										<img width=\"400\" height=\"600\" src=\"http://evergreenwellness.com/wp-content/uploads/2018/04/mhrf-cpmh17814.jpg\" alt=\"\" srcset=\"http://evergreenwellness.com/wp-content/uploads/2018/04/mhrf-cpmh17814.jpg 400w, http://evergreenwellness.com/wp-content/uploads/2018/04/mhrf-cpmh17814-200x300.jpg 200w\" sizes=\"(max-width: 400px) 100vw, 400px\" />											\n										<img width=\"400\" height=\"600\" src=\"http://evergreenwellness.com/wp-content/uploads/2018/04/jt-ai-020223846.jpg\" alt=\"\" srcset=\"http://evergreenwellness.com/wp-content/uploads/2018/04/jt-ai-020223846.jpg 400w, http://evergreenwellness.com/wp-content/uploads/2018/04/jt-ai-020223846-200x300.jpg 200w\" sizes=\"(max-width: 400px) 100vw, 400px\" />											\n										<img width=\"400\" height=\"600\" src=\"http://evergreenwellness.com/wp-content/uploads/2018/04/mhrf-cpmh17815.jpg\" alt=\"\" srcset=\"http://evergreenwellness.com/wp-content/uploads/2018/04/mhrf-cpmh17815.jpg 400w, http://evergreenwellness.com/wp-content/uploads/2018/04/mhrf-cpmh17815-200x300.jpg 200w\" sizes=\"(max-width: 400px) 100vw, 400px\" />											\n										<img width=\"400\" height=\"600\" src=\"http://evergreenwellness.com/wp-content/uploads/2018/04/mhrf-cpmh17845.jpg\" alt=\"\" srcset=\"http://evergreenwellness.com/wp-content/uploads/2018/04/mhrf-cpmh17845.jpg 400w, http://evergreenwellness.com/wp-content/uploads/2018/04/mhrf-cpmh17845-200x300.jpg 200w\" sizes=\"(max-width: 400px) 100vw, 400px\" />											\n		<p>Herbal medicine can be used to treat and also prevent various health problems. In ancient China, TCM medical experts tasted all the herbs they used in person before they gave them to their patients. Raw herbs could be in the form of bark, leaves, seeds, roots and a variety of other natural substances.</p><p>Today, hundreds of different herb formulas are used to treat different diseases with much success. Several commonly used herbal formulas are manufactured based on Chinese Herb Medicine Classics, and these formulas have been used for hundreds of years in China.</p><p>Evergreen Wellness Center distributes only the most pure and high-quality Traditional Chinese herbs and herbal products. You must make an appointment to receive an herbal consultation and diagnosis before purchasing herbs from our dispensary.</p><p><a title=\"Contact Us\" href=\"https://web.archive.org/web/20160617123300/http://evergreenwellness.com/?page_id=21\">Contact us</a> to schedule an herbal consultation today!</p> 		\n			<h1>Massage</h1>		\n										<img width=\"600\" height=\"401\" src=\"http://evergreenwellness.com/wp-content/uploads/2018/04/nmm.jpg\" alt=\"\" srcset=\"http://evergreenwellness.com/wp-content/uploads/2018/04/nmm.jpg 600w, http://evergreenwellness.com/wp-content/uploads/2018/04/nmm-300x201.jpg 300w\" sizes=\"(max-width: 600px) 100vw, 600px\" />											\n										<img width=\"600\" height=\"400\" src=\"http://evergreenwellness.com/wp-content/uploads/2018/04/nm.jpg\" alt=\"\" srcset=\"http://evergreenwellness.com/wp-content/uploads/2018/04/nm.jpg 600w, http://evergreenwellness.com/wp-content/uploads/2018/04/nm-300x200.jpg 300w\" sizes=\"(max-width: 600px) 100vw, 600px\" />											\n										<img width=\"600\" height=\"400\" src=\"http://evergreenwellness.com/wp-content/uploads/2018/04/nl.jpg\" alt=\"\" srcset=\"http://evergreenwellness.com/wp-content/uploads/2018/04/nl.jpg 600w, http://evergreenwellness.com/wp-content/uploads/2018/04/nl-300x200.jpg 300w\" sizes=\"(max-width: 600px) 100vw, 600px\" />											\n		<p><strong>O</strong><strong>riental Bodywork</strong></p><p>Tuina Anmo is the Chinese term for bone setting, muscle and joint manipulation and massage. Tuina Anmo is used for a variety of purposes, including as a treatment for all types of trauma, internal medicine, surgery, gynecology and pediatrics.</p><p>Massage therapy can do wonders for your body, both physically and mentally. Massage is an effective treatment for many health conditions. Benefits include:</p><p>Reduced stress and anxiety<br /> Relief from muscle tension and joint stiffness<br /> Increased blood circulation<br /> Reduced heart rate<br /> Induces relaxation<br /> Reduces back pain<br /> Relieves depression and insomnia<br /> Relieves Myofascial and Fibromyalgia pain<br /> Releives headaches/migraines</p><p>Our massage therapists are available by appointment Monday through Saturday to provide massage treatments for any reason, from rehabilitation therapy to relaxation.</p><p>For more information about our massage therapists on staff, click <a title=\"Our Staff\" href=\"https://web.archive.org/web/20160617122956/http://evergreenwellness.com/?page_id=46\">HERE</a>.</p><p><a title=\"Contact Us\" href=\"https://web.archive.org/web/20160617122956/http://evergreenwellness.com/?page_id=21\">Contact us</a> to schedule an appointment with one of our massage therapists.</p>		\n			<h1>Qigong</h1>		\n										<img width=\"600\" height=\"399\" src=\"http://evergreenwellness.com/wp-content/uploads/2018/04/taiji.jpg\" alt=\"\" srcset=\"http://evergreenwellness.com/wp-content/uploads/2018/04/taiji.jpg 600w, http://evergreenwellness.com/wp-content/uploads/2018/04/taiji-300x200.jpg 300w\" sizes=\"(max-width: 600px) 100vw, 600px\" />											\n										<img width=\"600\" height=\"399\" src=\"http://evergreenwellness.com/wp-content/uploads/2018/04/th.jpg\" alt=\"\" srcset=\"http://evergreenwellness.com/wp-content/uploads/2018/04/th.jpg 600w, http://evergreenwellness.com/wp-content/uploads/2018/04/th-300x200.jpg 300w\" sizes=\"(max-width: 600px) 100vw, 600px\" />											\n		 <p>Qigong (pronounced Chee Kung) is a method that combines body movement, breath exercise and mental concentration to exercise the body’s vital energy, or “Qi”. In China, Qigong is widely accepted for it’s curative effect, wide range of indications, ease to learn and safety. Today, there are over 200 million people practicing Qigong everyday in China, and it is gaining popularity throughout the world.</p><p>During Qigong exercises, you perform body movements to conduct the Qi to the place in which the you are concentrating with your mind. At the same time, different breath techniques are used depending on the exercise purpose. The exercises stimulate and balance the flow of Qi through the body, which helps enhance the body’s immune ability, postpone the aging process and develop the body’s potential.</p><p>Qigong has been widely used to treat many chronic diseases and also assist with a variety of issues:</p><p>Anemia<br /> Anxiety/Depression<br /> Arthritis<br /> Asthma<br /> Back Pain<br /> Bone Density<br /> Body Strength/Flexibility<br /> Concentration/Memory<br /> Hearing or Vision Impairment<br /> Hypertension (Greater Cardiac Efficiency, Improved Circulation, Stabilize Blood Pressure)<br /> Immune Cell Activity/Dysfunction<br /> Kidney Deficiencies<br /> Mental Health<br /> Overall Health and Well Being<br /> Sexual Dysfunction<br /> Tinnitus<br /> Weight Management</p><p>Qigong has two approaches. The first is self-healing or self-care. Individuals who want to improve their health do the Qigong exercise individually or in a group under the instruction of a qualified Qigong practitioner’s supervision. The second approach, External Qi healing, is a process whereby the Qigong practitioner’s energy is used to stimulate and balance the patient’s Qi so that illness can be healed. Both types of Qigong Therapy have been beneficial in treating individuals with respiratory, digestive, circulatory, urogenital, motor system and mental imbalance.</p><p>If you would like to find a way to prevent disease, maintain good health and assist your body in its healing processes then Qigong may be an alternative for you.</p><p><a title=\"Contact Us\" href=\"https://web.archive.org/web/20160503111017/http://evergreenwellness.com/?page_id=21\">Contact us</a> to schedule an appointment for a Qigong consultation.</p> ','Services','','inherit','closed','closed','','24-revision-v1','','','2018-04-07 19:20:36','2018-04-07 19:20:36','',24,'http://evergreenwellness.com/24-revision-v1/',0,'revision','',0),(602,1,'2018-04-07 19:24:50','2018-04-07 19:24:50','','1.1','','inherit','open','closed','','1-1','','','2018-04-07 19:24:50','2018-04-07 19:24:50','',0,'http://evergreenwellness.com/wp-content/uploads/2018/04/1.1.jpg',0,'attachment','image/jpeg',0),(603,1,'2018-04-07 19:25:03','2018-04-07 19:25:03','<h2>Services</h2>		\n		<p>Acupuncture      Herbal      Massage      Qigong</p>		\n			<h1>Acupuncture</h1>		\n										<img width=\"420\" height=\"260\" src=\"http://evergreenwellness.com/wp-content/uploads/2018/04/ac7.jpg\" alt=\"\" srcset=\"http://evergreenwellness.com/wp-content/uploads/2018/04/ac7.jpg 420w, http://evergreenwellness.com/wp-content/uploads/2018/04/ac7-300x186.jpg 300w\" sizes=\"(max-width: 420px) 100vw, 420px\" />											\n										<img width=\"388\" height=\"260\" src=\"http://evergreenwellness.com/wp-content/uploads/2018/04/Acupuncture500-1-e1522634879500.jpg\" alt=\"\" />											\n										<img width=\"420\" height=\"269\" src=\"http://evergreenwellness.com/wp-content/uploads/2018/04/acupuncture_500-e1522635045797.jpg\" alt=\"\" />											\n		<p>In acupuncture, a TCM physician or Acupuncturist inserts one or more fine needles into the patient’s body to adjust the energy flow. Acupuncture points are like traffic lights on a city street, and the energy that runs through the body is like the traffic flow. Sometimes there is congestion or stagnation in the traffic, and the lights help control the cars and tell them when and where to go. Similarly, an acupuncturist utilizes the needles and acupuncture points to move the energy flow through the body more consistently to provide relief from your symptoms and restore balance to your body.</p><h3>Acupuncture can be used to treat all types of health issues:</h3><p>Addictions<br /> Allergies<br /> Cosmetic procedures (such as acupuncture for face lifting)<br /> Degenerative diseases due to aging<br /> Depression<br /> Men’s Health<br /> Pain Management<br /> Stroke Rehabilitation<br /> Weight Loss and Management<br /> Women’s Health (PMS, Menopause, Low libido, Infertility, etc.)</p><p>When you arrive for your first acupuncture treatment at Evergreen Wellness Center, we ask that you arrive a few minutes early to complete a short form regarding your health history. Please bring a list of any medications you are currently taking, or copies of any other lab tests or X-rays you feel might be helpful for us to keep in your patient file.</p><p>During your consultation, the acupuncturist will discuss your symptoms, provide a diagnosis and prognosis, and determine a treatment plan for any additional acupuncture, massage or herbs that may assist with treating your syndrome.</p><p>Initial appointments typically last 45 minutes to one hour. Follow-up acupuncture treatments usually last around 30 minutes.</p>		\n			<h1>Herbal Medicine</h1>		\n										<img width=\"400\" height=\"600\" src=\"http://evergreenwellness.com/wp-content/uploads/2018/04/mhrf-cpmh17814.jpg\" alt=\"\" srcset=\"http://evergreenwellness.com/wp-content/uploads/2018/04/mhrf-cpmh17814.jpg 400w, http://evergreenwellness.com/wp-content/uploads/2018/04/mhrf-cpmh17814-200x300.jpg 200w\" sizes=\"(max-width: 400px) 100vw, 400px\" />											\n										<img width=\"400\" height=\"600\" src=\"http://evergreenwellness.com/wp-content/uploads/2018/04/jt-ai-020223846.jpg\" alt=\"\" srcset=\"http://evergreenwellness.com/wp-content/uploads/2018/04/jt-ai-020223846.jpg 400w, http://evergreenwellness.com/wp-content/uploads/2018/04/jt-ai-020223846-200x300.jpg 200w\" sizes=\"(max-width: 400px) 100vw, 400px\" />											\n										<img width=\"400\" height=\"600\" src=\"http://evergreenwellness.com/wp-content/uploads/2018/04/mhrf-cpmh17815.jpg\" alt=\"\" srcset=\"http://evergreenwellness.com/wp-content/uploads/2018/04/mhrf-cpmh17815.jpg 400w, http://evergreenwellness.com/wp-content/uploads/2018/04/mhrf-cpmh17815-200x300.jpg 200w\" sizes=\"(max-width: 400px) 100vw, 400px\" />											\n										<img width=\"400\" height=\"600\" src=\"http://evergreenwellness.com/wp-content/uploads/2018/04/mhrf-cpmh17845.jpg\" alt=\"\" srcset=\"http://evergreenwellness.com/wp-content/uploads/2018/04/mhrf-cpmh17845.jpg 400w, http://evergreenwellness.com/wp-content/uploads/2018/04/mhrf-cpmh17845-200x300.jpg 200w\" sizes=\"(max-width: 400px) 100vw, 400px\" />											\n		<p>Herbal medicine can be used to treat and also prevent various health problems. In ancient China, TCM medical experts tasted all the herbs they used in person before they gave them to their patients. Raw herbs could be in the form of bark, leaves, seeds, roots and a variety of other natural substances.</p><p>Today, hundreds of different herb formulas are used to treat different diseases with much success. Several commonly used herbal formulas are manufactured based on Chinese Herb Medicine Classics, and these formulas have been used for hundreds of years in China.</p><p>Evergreen Wellness Center distributes only the most pure and high-quality Traditional Chinese herbs and herbal products. You must make an appointment to receive an herbal consultation and diagnosis before purchasing herbs from our dispensary.</p><p><a title=\"Contact Us\" href=\"https://web.archive.org/web/20160617123300/http://evergreenwellness.com/?page_id=21\">Contact us</a> to schedule an herbal consultation today!</p> 		\n			<h1>Massage</h1>		\n										<img width=\"600\" height=\"401\" src=\"http://evergreenwellness.com/wp-content/uploads/2018/04/nmm.jpg\" alt=\"\" srcset=\"http://evergreenwellness.com/wp-content/uploads/2018/04/nmm.jpg 600w, http://evergreenwellness.com/wp-content/uploads/2018/04/nmm-300x201.jpg 300w\" sizes=\"(max-width: 600px) 100vw, 600px\" />											\n										<img width=\"600\" height=\"400\" src=\"http://evergreenwellness.com/wp-content/uploads/2018/04/nm.jpg\" alt=\"\" srcset=\"http://evergreenwellness.com/wp-content/uploads/2018/04/nm.jpg 600w, http://evergreenwellness.com/wp-content/uploads/2018/04/nm-300x200.jpg 300w\" sizes=\"(max-width: 600px) 100vw, 600px\" />											\n										<img width=\"600\" height=\"400\" src=\"http://evergreenwellness.com/wp-content/uploads/2018/04/nl.jpg\" alt=\"\" srcset=\"http://evergreenwellness.com/wp-content/uploads/2018/04/nl.jpg 600w, http://evergreenwellness.com/wp-content/uploads/2018/04/nl-300x200.jpg 300w\" sizes=\"(max-width: 600px) 100vw, 600px\" />											\n		<p><strong>O</strong><strong>riental Bodywork</strong></p><p>Tuina Anmo is the Chinese term for bone setting, muscle and joint manipulation and massage. Tuina Anmo is used for a variety of purposes, including as a treatment for all types of trauma, internal medicine, surgery, gynecology and pediatrics.</p><p>Massage therapy can do wonders for your body, both physically and mentally. Massage is an effective treatment for many health conditions. Benefits include:</p><p>Reduced stress and anxiety<br /> Relief from muscle tension and joint stiffness<br /> Increased blood circulation<br /> Reduced heart rate<br /> Induces relaxation<br /> Reduces back pain<br /> Relieves depression and insomnia<br /> Relieves Myofascial and Fibromyalgia pain<br /> Releives headaches/migraines</p><p>Our massage therapists are available by appointment Monday through Saturday to provide massage treatments for any reason, from rehabilitation therapy to relaxation.</p><p>For more information about our massage therapists on staff, click <a title=\"Our Staff\" href=\"https://web.archive.org/web/20160617122956/http://evergreenwellness.com/?page_id=46\">HERE</a>.</p><p><a title=\"Contact Us\" href=\"https://web.archive.org/web/20160617122956/http://evergreenwellness.com/?page_id=21\">Contact us</a> to schedule an appointment with one of our massage therapists.</p>		\n			<h1>Qigong</h1>		\n										<img width=\"600\" height=\"399\" src=\"http://evergreenwellness.com/wp-content/uploads/2018/04/taiji.jpg\" alt=\"\" srcset=\"http://evergreenwellness.com/wp-content/uploads/2018/04/taiji.jpg 600w, http://evergreenwellness.com/wp-content/uploads/2018/04/taiji-300x200.jpg 300w\" sizes=\"(max-width: 600px) 100vw, 600px\" />											\n										<img width=\"600\" height=\"399\" src=\"http://evergreenwellness.com/wp-content/uploads/2018/04/th.jpg\" alt=\"\" srcset=\"http://evergreenwellness.com/wp-content/uploads/2018/04/th.jpg 600w, http://evergreenwellness.com/wp-content/uploads/2018/04/th-300x200.jpg 300w\" sizes=\"(max-width: 600px) 100vw, 600px\" />											\n		 <p>Qigong (pronounced Chee Kung) is a method that combines body movement, breath exercise and mental concentration to exercise the body’s vital energy, or “Qi”. In China, Qigong is widely accepted for it’s curative effect, wide range of indications, ease to learn and safety. Today, there are over 200 million people practicing Qigong everyday in China, and it is gaining popularity throughout the world.</p><p>During Qigong exercises, you perform body movements to conduct the Qi to the place in which the you are concentrating with your mind. At the same time, different breath techniques are used depending on the exercise purpose. The exercises stimulate and balance the flow of Qi through the body, which helps enhance the body’s immune ability, postpone the aging process and develop the body’s potential.</p><p>Qigong has been widely used to treat many chronic diseases and also assist with a variety of issues:</p><p>Anemia<br /> Anxiety/Depression<br /> Arthritis<br /> Asthma<br /> Back Pain<br /> Bone Density<br /> Body Strength/Flexibility<br /> Concentration/Memory<br /> Hearing or Vision Impairment<br /> Hypertension (Greater Cardiac Efficiency, Improved Circulation, Stabilize Blood Pressure)<br /> Immune Cell Activity/Dysfunction<br /> Kidney Deficiencies<br /> Mental Health<br /> Overall Health and Well Being<br /> Sexual Dysfunction<br /> Tinnitus<br /> Weight Management</p><p>Qigong has two approaches. The first is self-healing or self-care. Individuals who want to improve their health do the Qigong exercise individually or in a group under the instruction of a qualified Qigong practitioner’s supervision. The second approach, External Qi healing, is a process whereby the Qigong practitioner’s energy is used to stimulate and balance the patient’s Qi so that illness can be healed. Both types of Qigong Therapy have been beneficial in treating individuals with respiratory, digestive, circulatory, urogenital, motor system and mental imbalance.</p><p>If you would like to find a way to prevent disease, maintain good health and assist your body in its healing processes then Qigong may be an alternative for you.</p><p><a title=\"Contact Us\" href=\"https://web.archive.org/web/20160503111017/http://evergreenwellness.com/?page_id=21\">Contact us</a> to schedule an appointment for a Qigong consultation.</p> ','Services','','inherit','closed','closed','','24-revision-v1','','','2018-04-07 19:25:03','2018-04-07 19:25:03','',24,'http://evergreenwellness.com/24-revision-v1/',0,'revision','',0),(604,1,'2018-04-07 19:26:55','2018-04-07 19:26:55','','1a','','inherit','open','closed','','1a','','','2018-04-07 19:26:55','2018-04-07 19:26:55','',0,'http://evergreenwellness.com/wp-content/uploads/2018/04/1a.jpg',0,'attachment','image/jpeg',0),(605,1,'2018-04-07 19:27:12','2018-04-07 19:27:12','<h2>Services</h2>		\n		<p>Acupuncture      Herbal      Massage      Qigong</p>		\n			<h1>Acupuncture</h1>		\n										<img width=\"420\" height=\"260\" src=\"http://evergreenwellness.com/wp-content/uploads/2018/04/ac7.jpg\" alt=\"\" srcset=\"http://evergreenwellness.com/wp-content/uploads/2018/04/ac7.jpg 420w, http://evergreenwellness.com/wp-content/uploads/2018/04/ac7-300x186.jpg 300w\" sizes=\"(max-width: 420px) 100vw, 420px\" />											\n										<img width=\"388\" height=\"260\" src=\"http://evergreenwellness.com/wp-content/uploads/2018/04/Acupuncture500-1-e1522634879500.jpg\" alt=\"\" />											\n										<img width=\"420\" height=\"269\" src=\"http://evergreenwellness.com/wp-content/uploads/2018/04/acupuncture_500-e1522635045797.jpg\" alt=\"\" />											\n		<p>In acupuncture, a TCM physician or Acupuncturist inserts one or more fine needles into the patient’s body to adjust the energy flow. Acupuncture points are like traffic lights on a city street, and the energy that runs through the body is like the traffic flow. Sometimes there is congestion or stagnation in the traffic, and the lights help control the cars and tell them when and where to go. Similarly, an acupuncturist utilizes the needles and acupuncture points to move the energy flow through the body more consistently to provide relief from your symptoms and restore balance to your body.</p><h3>Acupuncture can be used to treat all types of health issues:</h3><p>Addictions<br /> Allergies<br /> Cosmetic procedures (such as acupuncture for face lifting)<br /> Degenerative diseases due to aging<br /> Depression<br /> Men’s Health<br /> Pain Management<br /> Stroke Rehabilitation<br /> Weight Loss and Management<br /> Women’s Health (PMS, Menopause, Low libido, Infertility, etc.)</p><p>When you arrive for your first acupuncture treatment at Evergreen Wellness Center, we ask that you arrive a few minutes early to complete a short form regarding your health history. Please bring a list of any medications you are currently taking, or copies of any other lab tests or X-rays you feel might be helpful for us to keep in your patient file.</p><p>During your consultation, the acupuncturist will discuss your symptoms, provide a diagnosis and prognosis, and determine a treatment plan for any additional acupuncture, massage or herbs that may assist with treating your syndrome.</p><p>Initial appointments typically last 45 minutes to one hour. Follow-up acupuncture treatments usually last around 30 minutes.</p>		\n			<h1>Herbal Medicine</h1>		\n										<img width=\"400\" height=\"600\" src=\"http://evergreenwellness.com/wp-content/uploads/2018/04/mhrf-cpmh17814.jpg\" alt=\"\" srcset=\"http://evergreenwellness.com/wp-content/uploads/2018/04/mhrf-cpmh17814.jpg 400w, http://evergreenwellness.com/wp-content/uploads/2018/04/mhrf-cpmh17814-200x300.jpg 200w\" sizes=\"(max-width: 400px) 100vw, 400px\" />											\n										<img width=\"400\" height=\"600\" src=\"http://evergreenwellness.com/wp-content/uploads/2018/04/jt-ai-020223846.jpg\" alt=\"\" srcset=\"http://evergreenwellness.com/wp-content/uploads/2018/04/jt-ai-020223846.jpg 400w, http://evergreenwellness.com/wp-content/uploads/2018/04/jt-ai-020223846-200x300.jpg 200w\" sizes=\"(max-width: 400px) 100vw, 400px\" />											\n										<img width=\"400\" height=\"600\" src=\"http://evergreenwellness.com/wp-content/uploads/2018/04/mhrf-cpmh17815.jpg\" alt=\"\" srcset=\"http://evergreenwellness.com/wp-content/uploads/2018/04/mhrf-cpmh17815.jpg 400w, http://evergreenwellness.com/wp-content/uploads/2018/04/mhrf-cpmh17815-200x300.jpg 200w\" sizes=\"(max-width: 400px) 100vw, 400px\" />											\n										<img width=\"400\" height=\"600\" src=\"http://evergreenwellness.com/wp-content/uploads/2018/04/mhrf-cpmh17845.jpg\" alt=\"\" srcset=\"http://evergreenwellness.com/wp-content/uploads/2018/04/mhrf-cpmh17845.jpg 400w, http://evergreenwellness.com/wp-content/uploads/2018/04/mhrf-cpmh17845-200x300.jpg 200w\" sizes=\"(max-width: 400px) 100vw, 400px\" />											\n		<p>Herbal medicine can be used to treat and also prevent various health problems. In ancient China, TCM medical experts tasted all the herbs they used in person before they gave them to their patients. Raw herbs could be in the form of bark, leaves, seeds, roots and a variety of other natural substances.</p><p>Today, hundreds of different herb formulas are used to treat different diseases with much success. Several commonly used herbal formulas are manufactured based on Chinese Herb Medicine Classics, and these formulas have been used for hundreds of years in China.</p><p>Evergreen Wellness Center distributes only the most pure and high-quality Traditional Chinese herbs and herbal products. You must make an appointment to receive an herbal consultation and diagnosis before purchasing herbs from our dispensary.</p><p><a title=\"Contact Us\" href=\"https://web.archive.org/web/20160617123300/http://evergreenwellness.com/?page_id=21\">Contact us</a> to schedule an herbal consultation today!</p> 		\n			<h1>Massage</h1>		\n										<img width=\"600\" height=\"401\" src=\"http://evergreenwellness.com/wp-content/uploads/2018/04/nmm.jpg\" alt=\"\" srcset=\"http://evergreenwellness.com/wp-content/uploads/2018/04/nmm.jpg 600w, http://evergreenwellness.com/wp-content/uploads/2018/04/nmm-300x201.jpg 300w\" sizes=\"(max-width: 600px) 100vw, 600px\" />											\n										<img width=\"600\" height=\"400\" src=\"http://evergreenwellness.com/wp-content/uploads/2018/04/nm.jpg\" alt=\"\" srcset=\"http://evergreenwellness.com/wp-content/uploads/2018/04/nm.jpg 600w, http://evergreenwellness.com/wp-content/uploads/2018/04/nm-300x200.jpg 300w\" sizes=\"(max-width: 600px) 100vw, 600px\" />											\n										<img width=\"600\" height=\"400\" src=\"http://evergreenwellness.com/wp-content/uploads/2018/04/nl.jpg\" alt=\"\" srcset=\"http://evergreenwellness.com/wp-content/uploads/2018/04/nl.jpg 600w, http://evergreenwellness.com/wp-content/uploads/2018/04/nl-300x200.jpg 300w\" sizes=\"(max-width: 600px) 100vw, 600px\" />											\n		<p><strong>O</strong><strong>riental Bodywork</strong></p><p>Tuina Anmo is the Chinese term for bone setting, muscle and joint manipulation and massage. Tuina Anmo is used for a variety of purposes, including as a treatment for all types of trauma, internal medicine, surgery, gynecology and pediatrics.</p><p>Massage therapy can do wonders for your body, both physically and mentally. Massage is an effective treatment for many health conditions. Benefits include:</p><p>Reduced stress and anxiety<br /> Relief from muscle tension and joint stiffness<br /> Increased blood circulation<br /> Reduced heart rate<br /> Induces relaxation<br /> Reduces back pain<br /> Relieves depression and insomnia<br /> Relieves Myofascial and Fibromyalgia pain<br /> Releives headaches/migraines</p><p>Our massage therapists are available by appointment Monday through Saturday to provide massage treatments for any reason, from rehabilitation therapy to relaxation.</p><p>For more information about our massage therapists on staff, click <a title=\"Our Staff\" href=\"https://web.archive.org/web/20160617122956/http://evergreenwellness.com/?page_id=46\">HERE</a>.</p><p><a title=\"Contact Us\" href=\"https://web.archive.org/web/20160617122956/http://evergreenwellness.com/?page_id=21\">Contact us</a> to schedule an appointment with one of our massage therapists.</p>		\n			<h1>Qigong</h1>		\n										<img width=\"600\" height=\"399\" src=\"http://evergreenwellness.com/wp-content/uploads/2018/04/taiji.jpg\" alt=\"\" srcset=\"http://evergreenwellness.com/wp-content/uploads/2018/04/taiji.jpg 600w, http://evergreenwellness.com/wp-content/uploads/2018/04/taiji-300x200.jpg 300w\" sizes=\"(max-width: 600px) 100vw, 600px\" />											\n										<img width=\"600\" height=\"399\" src=\"http://evergreenwellness.com/wp-content/uploads/2018/04/th.jpg\" alt=\"\" srcset=\"http://evergreenwellness.com/wp-content/uploads/2018/04/th.jpg 600w, http://evergreenwellness.com/wp-content/uploads/2018/04/th-300x200.jpg 300w\" sizes=\"(max-width: 600px) 100vw, 600px\" />											\n		 <p>Qigong (pronounced Chee Kung) is a method that combines body movement, breath exercise and mental concentration to exercise the body’s vital energy, or “Qi”. In China, Qigong is widely accepted for it’s curative effect, wide range of indications, ease to learn and safety. Today, there are over 200 million people practicing Qigong everyday in China, and it is gaining popularity throughout the world.</p><p>During Qigong exercises, you perform body movements to conduct the Qi to the place in which the you are concentrating with your mind. At the same time, different breath techniques are used depending on the exercise purpose. The exercises stimulate and balance the flow of Qi through the body, which helps enhance the body’s immune ability, postpone the aging process and develop the body’s potential.</p><p>Qigong has been widely used to treat many chronic diseases and also assist with a variety of issues:</p><p>Anemia<br /> Anxiety/Depression<br /> Arthritis<br /> Asthma<br /> Back Pain<br /> Bone Density<br /> Body Strength/Flexibility<br /> Concentration/Memory<br /> Hearing or Vision Impairment<br /> Hypertension (Greater Cardiac Efficiency, Improved Circulation, Stabilize Blood Pressure)<br /> Immune Cell Activity/Dysfunction<br /> Kidney Deficiencies<br /> Mental Health<br /> Overall Health and Well Being<br /> Sexual Dysfunction<br /> Tinnitus<br /> Weight Management</p><p>Qigong has two approaches. The first is self-healing or self-care. Individuals who want to improve their health do the Qigong exercise individually or in a group under the instruction of a qualified Qigong practitioner’s supervision. The second approach, External Qi healing, is a process whereby the Qigong practitioner’s energy is used to stimulate and balance the patient’s Qi so that illness can be healed. Both types of Qigong Therapy have been beneficial in treating individuals with respiratory, digestive, circulatory, urogenital, motor system and mental imbalance.</p><p>If you would like to find a way to prevent disease, maintain good health and assist your body in its healing processes then Qigong may be an alternative for you.</p><p><a title=\"Contact Us\" href=\"https://web.archive.org/web/20160503111017/http://evergreenwellness.com/?page_id=21\">Contact us</a> to schedule an appointment for a Qigong consultation.</p> ','Services','','inherit','closed','closed','','24-revision-v1','','','2018-04-07 19:27:12','2018-04-07 19:27:12','',24,'http://evergreenwellness.com/24-revision-v1/',0,'revision','',0),(606,1,'2018-04-07 20:09:53','2018-04-07 20:09:53','','3','','inherit','open','closed','','3','','','2018-04-07 20:09:53','2018-04-07 20:09:53','',0,'http://evergreenwellness.com/wp-content/uploads/2018/04/3.png',0,'attachment','image/png',0);

--
-- Table structure for table `aCPMymRSterm_relationships`
--

CREATE TABLE `aCPMymRSterm_relationships` (
  `object_id` bigint(20) unsigned NOT NULL DEFAULT 0,
  `term_taxonomy_id` bigint(20) unsigned NOT NULL DEFAULT 0,
  `term_order` int(11) NOT NULL DEFAULT 0,
  PRIMARY KEY (`object_id`,`term_taxonomy_id`),
  KEY `term_taxonomy_id` (`term_taxonomy_id`)
) ENGINE=MyISAM DEFAULT CHARSET=utf8mb4 COLLATE=utf8mb4_unicode_ci;

--
-- Dumping data for table `aCPMymRSterm_relationships`
--

INSERT INTO `aCPMymRSterm_relationships` VALUES (33,3,0),(433,6,0),(34,3,0),(35,3,0),(36,3,0),(37,3,0),(302,2,0),(614,7,0),(328,2,0),(333,2,0),(335,2,0),(350,2,0),(432,6,0),(431,6,0),(430,6,0),(429,6,0),(615,7,0),(616,7,0),(617,7,0);

--
-- Table structure for table `aCPMymRSterm_taxonomy`
--

CREATE TABLE `aCPMymRSterm_taxonomy` (
  `term_taxonomy_id` bigint(20) unsigned NOT NULL AUTO_INCREMENT,
  `term_id` bigint(20) unsigned NOT NULL DEFAULT 0,
  `taxonomy` varchar(32) COLLATE utf8mb4_unicode_ci NOT NULL DEFAULT '',
  `description` longtext COLLATE utf8mb4_unicode_ci NOT NULL,
  `parent` bigint(20) unsigned NOT NULL DEFAULT 0,
  `count` bigint(20) NOT NULL DEFAULT 0,
  PRIMARY KEY (`term_taxonomy_id`),
  UNIQUE KEY `term_id_taxonomy` (`term_id`,`taxonomy`),
  KEY `taxonomy` (`taxonomy`)
) ENGINE=MyISAM AUTO_INCREMENT=8 DEFAULT CHARSET=utf8mb4 COLLATE=utf8mb4_unicode_ci;

--
-- Dumping data for table `aCPMymRSterm_taxonomy`
--

INSERT INTO `aCPMymRSterm_taxonomy` VALUES (1,1,'category','',0,0),(2,2,'elementor_library_type','',0,4),(3,3,'nav_menu','',0,5),(4,4,'elementor_library_type','',0,0),(6,6,'nav_menu','',0,5),(7,7,'nav_menu','',0,4);

--
-- Table structure for table `aCPMymRStermmeta`
--

CREATE TABLE `aCPMymRStermmeta` (
  `meta_id` bigint(20) unsigned NOT NULL AUTO_INCREMENT,
  `term_id` bigint(20) unsigned NOT NULL DEFAULT 0,
  `meta_key` varchar(255) COLLATE utf8mb4_unicode_ci DEFAULT NULL,
  `meta_value` longtext COLLATE utf8mb4_unicode_ci DEFAULT NULL,
  PRIMARY KEY (`meta_id`),
  KEY `term_id` (`term_id`),
  KEY `meta_key` (`meta_key`(191))
) ENGINE=MyISAM DEFAULT CHARSET=utf8mb4 COLLATE=utf8mb4_unicode_ci;

--
-- Dumping data for table `aCPMymRStermmeta`
--


--
-- Table structure for table `aCPMymRSterms`
--

CREATE TABLE `aCPMymRSterms` (
  `term_id` bigint(20) unsigned NOT NULL AUTO_INCREMENT,
  `name` varchar(200) COLLATE utf8mb4_unicode_ci NOT NULL DEFAULT '',
  `slug` varchar(200) COLLATE utf8mb4_unicode_ci NOT NULL DEFAULT '',
  `term_group` bigint(10) NOT NULL DEFAULT 0,
  PRIMARY KEY (`term_id`),
  KEY `slug` (`slug`(191)),
  KEY `name` (`name`(191))
) ENGINE=MyISAM AUTO_INCREMENT=8 DEFAULT CHARSET=utf8mb4 COLLATE=utf8mb4_unicode_ci;

--
-- Dumping data for table `aCPMymRSterms`
--

INSERT INTO `aCPMymRSterms` VALUES (1,'Uncategorized','uncategorized',0),(2,'page','page',0),(3,'Main','main',0),(4,'section','section',0),(6,'main (2)','main-2',0),(7,'footer','footer',0);

--
-- Table structure for table `aCPMymRSusermeta`
--

CREATE TABLE `aCPMymRSusermeta` (
  `umeta_id` bigint(20) unsigned NOT NULL AUTO_INCREMENT,
  `user_id` bigint(20) unsigned NOT NULL DEFAULT 0,
  `meta_key` varchar(255) COLLATE utf8mb4_unicode_ci DEFAULT NULL,
  `meta_value` longtext COLLATE utf8mb4_unicode_ci DEFAULT NULL,
  PRIMARY KEY (`umeta_id`),
  KEY `user_id` (`user_id`),
  KEY `meta_key` (`meta_key`(191))
) ENGINE=MyISAM AUTO_INCREMENT=26 DEFAULT CHARSET=utf8mb4 COLLATE=utf8mb4_unicode_ci;

--
-- Dumping data for table `aCPMymRSusermeta`
--

INSERT INTO `aCPMymRSusermeta` VALUES (1,1,'nickname','qzgao'),(2,1,'first_name',''),(3,1,'last_name',''),(4,1,'description',''),(5,1,'rich_editing','true'),(6,1,'syntax_highlighting','true'),(7,1,'comment_shortcuts','false'),(8,1,'admin_color','fresh'),(9,1,'use_ssl','0'),(10,1,'show_admin_bar_front','true'),(11,1,'locale',''),(12,1,'aCPMymRScapabilities','a:1:{s:13:\"administrator\";b:1;}'),(13,1,'aCPMymRSuser_level','10'),(14,1,'dismissed_wp_pointers',''),(15,1,'show_welcome_panel','0'),(24,1,'session_tokens','a:3:{s:64:\"f951654c917a9f82d0333217887e4d2dc69f4ed56e89ba4a63bc1ef1e2f1ca5e\";a:4:{s:10:\"expiration\";i:1533668939;s:2:\"ip\";s:12:\"216.54.31.82\";s:2:\"ua\";s:77:\"Mozilla/5.0 (Windows NT 6.1; Win64; x64; rv:61.0) Gecko/20100101 Firefox/61.0\";s:5:\"login\";i:1533496139;}s:64:\"91d6d89b111566153fce570b662de28cacfe8ad03e8e2baf5fff67d1cf697eb2\";a:4:{s:10:\"expiration\";i:1533669428;s:2:\"ip\";s:12:\"216.54.31.82\";s:2:\"ua\";s:77:\"Mozilla/5.0 (Windows NT 6.1; Win64; x64; rv:61.0) Gecko/20100101 Firefox/61.0\";s:5:\"login\";i:1533496628;}s:64:\"999cad2995b286feb3dbb7f3e32ebf820425f5a1f4467b8273560a143b8893d9\";a:4:{s:10:\"expiration\";i:1533669613;s:2:\"ip\";s:12:\"216.54.31.82\";s:2:\"ua\";s:77:\"Mozilla/5.0 (Windows NT 6.1; Win64; x64; rv:61.0) Gecko/20100101 Firefox/61.0\";s:5:\"login\";i:1533496813;}}'),(17,1,'aCPMymRSdashboard_quick_press_last_post_id','621'),(25,1,'default_password_nag',''),(19,1,'community-events-location','a:1:{s:2:\"ip\";s:11:\"216.54.31.0\";}'),(20,1,'aCPMymRSuser-settings','editor=tinymce&libraryContent=browse&advImgDetails=show'),(21,1,'aCPMymRSuser-settings-time','1522865924');

--
-- Table structure for table `aCPMymRSusers`
--

CREATE TABLE `aCPMymRSusers` (
  `ID` bigint(20) unsigned NOT NULL AUTO_INCREMENT,
  `user_login` varchar(60) COLLATE utf8mb4_unicode_ci NOT NULL DEFAULT '',
  `user_pass` varchar(255) COLLATE utf8mb4_unicode_ci NOT NULL DEFAULT '',
  `user_nicename` varchar(50) COLLATE utf8mb4_unicode_ci NOT NULL DEFAULT '',
  `user_email` varchar(100) COLLATE utf8mb4_unicode_ci NOT NULL DEFAULT '',
  `user_url` varchar(100) COLLATE utf8mb4_unicode_ci NOT NULL DEFAULT '',
  `user_registered` datetime NOT NULL DEFAULT '0000-00-00 00:00:00',
  `user_activation_key` varchar(255) COLLATE utf8mb4_unicode_ci NOT NULL DEFAULT '',
  `user_status` int(11) NOT NULL DEFAULT 0,
  `display_name` varchar(250) COLLATE utf8mb4_unicode_ci NOT NULL DEFAULT '',
  PRIMARY KEY (`ID`),
  KEY `user_login_key` (`user_login`),
  KEY `user_nicename` (`user_nicename`),
  KEY `user_email` (`user_email`)
) ENGINE=MyISAM AUTO_INCREMENT=2 DEFAULT CHARSET=utf8mb4 COLLATE=utf8mb4_unicode_ci;

--
-- Dumping data for table `aCPMymRSusers`
--

INSERT INTO `aCPMymRSusers` VALUES (1,'qzgao','$P$BFGIcSZEGgJq1Z0s5Gh/ue1HbuylMJ0','qzgao','qzgau@yahoo.com','','2018-03-27 22:49:25','',0,'qzgao');


